{"id":2126,"date":"2025-05-12T11:36:04","date_gmt":"2025-05-12T11:36:04","guid":{"rendered":"https:\/\/autorbalza.center\/?page_id=2126"},"modified":"2025-05-12T11:36:04","modified_gmt":"2025-05-12T11:36:04","slug":"zasady-i-warunki","status":"publish","type":"page","link":"https:\/\/autorbalza.center\/?page_id=2126","title":{"rendered":"Zasady i warunki"},"content":{"rendered":"<p>Prosimy o uwa\u017cne zapoznanie si\u0119 z niniejszymi warunkami przed rozpocz\u0119ciem korzystania z naszej Us\u0142ugi.<\/p>\n<h2>Interpretacja i definicje<\/h2>\n<h3>Interpretacja<\/h3>\n<p>Wyrazy, kt\u00f3rych pierwsza litera jest pisana wielk\u0105 liter\u0105, maj\u0105 znaczenie zdefiniowane w nast\u0119puj\u0105cych warunkach. Poni\u017csze definicje maj\u0105 takie samo znaczenie niezale\u017cnie od tego, czy wyst\u0119puj\u0105 w liczbie pojedynczej czy mnogiej.<\/p>\n<h3>Definicje<\/h3>\n<p>Dla cel\u00f3w niniejszego Regulaminu:<\/p>\n<ul>\n<li>\n<p><strong>Podmiot powi\u0105zany<\/strong> oznacza podmiot, kt\u00f3ry kontroluje, jest kontrolowany lub znajduje si\u0119 pod wsp\u00f3ln\u0105 kontrol\u0105 ze stron\u0105, gdzie &quot;kontrola&quot; oznacza posiadanie 50% lub wi\u0119cej akcji, udzia\u0142\u00f3w lub innych papier\u00f3w warto\u015bciowych uprawniaj\u0105cych do g\u0142osowania przy wyborze dyrektor\u00f3w lub innych organ\u00f3w zarz\u0105dzaj\u0105cych.<\/p>\n<\/li>\n<li>\n<p><strong>Kraj<\/strong> odnosi si\u0119 do: Bydgoszcz, Polska<\/p>\n<\/li>\n<li>\n<p><strong>Sp\u00f3\u0142ka<\/strong> (okre\u015blana w niniejszej Umowie jako &quot;Sp\u00f3\u0142ka&quot;, &quot;My&quot;, &quot;Nas&quot; lub &quot;Nasze&quot;) odnosi si\u0119 do Autorbalza Sp. z o.o., Jana Pestalozziego 13, 85-095 Bydgoszcz, Polska.<\/p>\n<\/li>\n<li>\n<p><strong>Urz\u0105dzenie<\/strong> oznacza dowolne urz\u0105dzenie, kt\u00f3re mo\u017ce uzyska\u0107 dost\u0119p do Us\u0142ugi, takie jak komputer, telefon kom\u00f3rkowy lub tablet cyfrowy.<\/p>\n<\/li>\n<li>\n<p><strong>Us\u0142uga<\/strong> odnosi si\u0119 do Witryny.<\/p>\n<\/li>\n<li>\n<p><strong>Regulamin<\/strong> (zwany r\u00f3wnie\u017c &quot;Regulaminem&quot;) oznacza niniejszy Regulamin, kt\u00f3ry stanowi ca\u0142o\u015b\u0107 umowy mi\u0119dzy U\u017cytkownikiem a Sp\u00f3\u0142k\u0105 w zakresie korzystania z Us\u0142ugi.\n        <\/p>\n<\/li>\n<li>\n<p><strong>Us\u0142uga medi\u00f3w spo\u0142eczno\u015bciowych strony trzeciej<\/strong> oznacza wszelkie us\u0142ugi lub tre\u015bci (w tym dane, informacje, produkty lub us\u0142ugi) dostarczane przez stron\u0119 trzeci\u0105, kt\u00f3re mog\u0105 by\u0107 wy\u015bwietlane, do\u0142\u0105czane lub udost\u0119pniane przez Us\u0142ug\u0119.<\/p>\n<\/li>\n<li>\n<p><strong>Strona internetowa<\/strong> odnosi si\u0119 do Autorbalza Sp. z o.o., dost\u0119pnej pod adresem <a href=\"https:\/\/autorbalza.center\/\" rel=\"external nofollow noopener\" target=\"_blank\">https:\/\/autorbalza.center\/.<\/a><\/p>\n<\/li>\n<li>\n<p><strong>U\u017cytkownik<\/strong> oznacza osob\u0119 fizyczn\u0105 uzyskuj\u0105c\u0105 dost\u0119p do Us\u0142ugi lub korzystaj\u0105c\u0105 z niej albo sp\u00f3\u0142k\u0119 lub inny podmiot prawny, w imieniu kt\u00f3rego taka osoba fizyczna uzyskuje dost\u0119p do Us\u0142ugi lub z niej korzysta.<\/p>\n<\/li>\n<\/ul>\n<h2>Potwierdzenie<\/h2>\n<p>Niniejszy Regulamin okre\u015bla zasady korzystania z Serwisu i stanowi umow\u0119 mi\u0119dzy U\u017cytkownikiem a Sp\u00f3\u0142k\u0105. Niniejszy Regulamin okre\u015bla prawa i obowi\u0105zki wszystkich u\u017cytkownik\u00f3w w zakresie korzystania z Us\u0142ugi.<\/p>\n<p>Dost\u0119p u\u017cytkownika do Us\u0142ugi i korzystanie z niej jest uzale\u017cnione od zaakceptowania i przestrzegania przez u\u017cytkownika niniejszych Warunk\u00f3w. Niniejszy Regulamin ma zastosowanie do wszystkich odwiedzaj\u0105cych, u\u017cytkownik\u00f3w i innych os\u00f3b, kt\u00f3re uzyskuj\u0105 dost\u0119p do Us\u0142ugi lub z niej korzystaj\u0105.<\/p>\n<p>Uzyskuj\u0105c dost\u0119p do Us\u0142ugi lub korzystaj\u0105c z niej, u\u017cytkownik wyra\u017ca zgod\u0119 na przestrzeganie niniejszych Warunk\u00f3w. Je\u015bli u\u017cytkownik nie zgadza si\u0119 z jak\u0105kolwiek cz\u0119\u015bci\u0105 niniejszego Regulaminu, nie mo\u017ce uzyska\u0107 dost\u0119pu do Us\u0142ugi.<\/p>\n<p>U\u017cytkownik o\u015bwiadcza, \u017ce uko\u0144czy\u0142 18 lat. Sp\u00f3\u0142ka nie zezwala osobom poni\u017cej 18 roku \u017cycia na korzystanie z Us\u0142ugi.<\/p>\n<p>Dost\u0119p u\u017cytkownika do Us\u0142ugi i korzystanie z niej jest r\u00f3wnie\u017c uzale\u017cnione od zaakceptowania i przestrzegania przez u\u017cytkownika Polityki prywatno\u015bci Sp\u00f3\u0142ki. Nasza Polityka Prywatno\u015bci opisuje nasze zasady i procedury dotycz\u0105ce gromadzenia, wykorzystywania i ujawniania danych osobowych u\u017cytkownika podczas korzystania z Aplikacji lub Witryny oraz informuje u\u017cytkownika o jego prawach do prywatno\u015bci i o tym, w jaki spos\u00f3b prawo chroni u\u017cytkownika. Prosimy o uwa\u017cne zapoznanie si\u0119 z nasz\u0105 Polityk\u0105 Prywatno\u015bci przed rozpocz\u0119ciem korzystania z naszej Us\u0142ugi.<\/p>\n<h2>Linki do innych stron internetowych<\/h2>\n<p>Nasza us\u0142uga mo\u017ce zawiera\u0107 \u0142\u0105cza do stron internetowych lub us\u0142ug stron trzecich, kt\u00f3re nie s\u0105 w\u0142asno\u015bci\u0105 Sp\u00f3\u0142ki ani nie s\u0105 przez ni\u0105 kontrolowane.<\/p>\n<p>Sp\u00f3\u0142ka nie ma kontroli i nie ponosi odpowiedzialno\u015bci za tre\u015bci, polityk\u0119 prywatno\u015bci lub praktyki stron internetowych lub us\u0142ug stron trzecich. Ponadto u\u017cytkownik przyjmuje do wiadomo\u015bci i zgadza si\u0119, \u017ce Sp\u00f3\u0142ka nie ponosi odpowiedzialno\u015bci, bezpo\u015brednio lub po\u015brednio, za jakiekolwiek szkody lub straty spowodowane lub rzekomo spowodowane przez lub w zwi\u0105zku z korzystaniem lub poleganiem na takich tre\u015bciach, towarach lub us\u0142ugach dost\u0119pnych na lub za po\u015brednictwem takich stron internetowych lub us\u0142ug.<\/p>\n<p>Zdecydowanie zalecamy zapoznanie si\u0119 z warunkami i politykami prywatno\u015bci wszelkich odwiedzanych witryn internetowych lub us\u0142ug stron trzecich.<\/p>\n<h2>Zako\u0144czenie<\/h2>\n<p>Mo\u017cemy natychmiast zako\u0144czy\u0107 lub zawiesi\u0107 dost\u0119p u\u017cytkownika, bez wcze\u015bniejszego powiadomienia lub ponoszenia odpowiedzialno\u015bci, z dowolnego powodu, w tym mi\u0119dzy innymi w przypadku naruszenia przez u\u017cytkownika niniejszych Warunk\u00f3w.<\/p>\n<p>Po rozwi\u0105zaniu umowy prawo u\u017cytkownika do korzystania z Us\u0142ugi natychmiast wygasa.<\/p>\n<h2>Ograniczenie odpowiedzialno\u015bci<\/h2>\n<p>Niezale\u017cnie od wszelkich szk\u00f3d, jakie mo\u017ce ponie\u015b\u0107 u\u017cytkownik, ca\u0142kowita odpowiedzialno\u015b\u0107 Sp\u00f3\u0142ki i kt\u00f3regokolwiek z jej dostawc\u00f3w na mocy kt\u00f3regokolwiek z postanowie\u0144 niniejszych Warunk\u00f3w oraz wy\u0142\u0105czne zado\u015b\u0107uczynienie u\u017cytkownika za wszystkie powy\u017csze ogranicza si\u0119 do kwoty faktycznie zap\u0142aconej przez u\u017cytkownika za po\u015brednictwem Us\u0142ugi lub 100 USD, je\u015bli u\u017cytkownik nie kupi\u0142 niczego za po\u015brednictwem Us\u0142ugi.<\/p>\n<p>W maksymalnym zakresie dozwolonym przez obowi\u0105zuj\u0105ce prawo, w \u017cadnym wypadku Sp\u00f3\u0142ka ani jej dostawcy nie ponosz\u0105 odpowiedzialno\u015bci za jakiekolwiek szczeg\u00f3lne, przypadkowe, po\u015brednie lub wt\u00f3rne szkody (w tym mi\u0119dzy innymi szkody z tytu\u0142u utraty zysk\u00f3w, utraty danych lub innych informacji, przerw w dzia\u0142alno\u015bci, obra\u017ce\u0144 cia\u0142a, utrat\u0119 prywatno\u015bci wynikaj\u0105c\u0105 z lub w jakikolwiek spos\u00f3b zwi\u0105zan\u0105 z korzystaniem lub niemo\u017cno\u015bci\u0105 korzystania z Us\u0142ugi, oprogramowania stron trzecich i\/lub sprz\u0119tu stron trzecich u\u017cywanego z Us\u0142ug\u0105 lub w inny spos\u00f3b w zwi\u0105zku z jakimkolwiek postanowieniem niniejszych Warunk\u00f3w), nawet je\u015bli Sp\u00f3\u0142ka lub jakikolwiek dostawca zostali poinformowani o mo\u017cliwo\u015bci wyst\u0105pienia takich szk\u00f3d i nawet je\u015bli \u015brodek zaradczy nie spe\u0142nia swojego podstawowego celu.<\/p>\n<p>Niekt\u00f3re stany nie zezwalaj\u0105 na wy\u0142\u0105czenie dorozumianych gwarancji lub ograniczenie odpowiedzialno\u015bci za szkody przypadkowe lub wt\u00f3rne, co oznacza, \u017ce niekt\u00f3re z powy\u017cszych ogranicze\u0144 mog\u0105 nie mie\u0107 zastosowania. W tych stanach odpowiedzialno\u015b\u0107 ka\u017cdej ze stron b\u0119dzie ograniczona w najwi\u0119kszym zakresie dozwolonym przez prawo.<\/p>\n<h2>Zastrze\u017cenie &quot;TAK JAK JEST&quot; i &quot;W MIAR\u0118 DOST\u0118PNO\u015aCI&quot;<\/h2>\n<p>Us\u0142uga jest dostarczana u\u017cytkownikowi w stanie, w jakim si\u0119 znajduje i w miar\u0119 dost\u0119pno\u015bci, ze wszystkimi wadami i usterkami, bez jakiejkolwiek gwarancji. W maksymalnym zakresie dozwolonym przez obowi\u0105zuj\u0105ce prawo, Sp\u00f3\u0142ka, we w\u0142asnym imieniu oraz w imieniu swoich Podmiot\u00f3w Stowarzyszonych oraz ich odpowiednich licencjodawc\u00f3w i us\u0142ugodawc\u00f3w, wyra\u017anie zrzeka si\u0119 wszelkich gwarancji, wyra\u017anych, dorozumianych, ustawowych lub innych, w odniesieniu do Us\u0142ugi, w tym wszelkich dorozumianych gwarancji przydatno\u015bci handlowej, przydatno\u015bci do okre\u015blonego celu, tytu\u0142u prawnego i nienaruszania praw, a tak\u017ce gwarancji, kt\u00f3re mog\u0105 wynika\u0107 z przebiegu transakcji, przebiegu wykonania, u\u017cytkowania lub praktyki handlowej. Bez ograniczenia do powy\u017cszego, Sp\u00f3\u0142ka nie udziela \u017cadnych gwarancji ani zobowi\u0105za\u0144 i nie sk\u0142ada \u017cadnych o\u015bwiadcze\u0144, \u017ce Us\u0142uga spe\u0142ni wymagania U\u017cytkownika, osi\u0105gnie zamierzone wyniki, b\u0119dzie kompatybilna lub b\u0119dzie wsp\u00f3\u0142pracowa\u0107 z jakimkolwiek innym oprogramowaniem, aplikacjami, systemami lub us\u0142ugami, b\u0119dzie dzia\u0142a\u0107 bez zak\u0142\u00f3ce\u0144, b\u0119dzie spe\u0142nia\u0107 wszelkie standardy wydajno\u015bci lub niezawodno\u015bci, b\u0119dzie wolna od b\u0142\u0119d\u00f3w lub \u017ce wszelkie b\u0142\u0119dy lub wady mog\u0105 lub zostan\u0105 naprawione.<\/p>\n<p>Nie ograniczaj\u0105c powy\u017cszego, ani Sp\u00f3\u0142ka, ani \u017caden z dostawc\u00f3w Sp\u00f3\u0142ki nie sk\u0142ada \u017cadnych o\u015bwiadcze\u0144 ani gwarancji jakiegokolwiek rodzaju, wyra\u017anych lub dorozumianych: (i) co do dzia\u0142ania lub dost\u0119pno\u015bci Us\u0142ugi lub informacji, tre\u015bci i materia\u0142\u00f3w lub produkt\u00f3w w niej zawartych; (ii) \u017ce Us\u0142uga b\u0119dzie dzia\u0142a\u0107 nieprzerwanie lub bezb\u0142\u0119dnie; (iii) co do dok\u0142adno\u015bci, wiarygodno\u015bci lub aktualno\u015bci jakichkolwiek informacji lub tre\u015bci dostarczanych za po\u015brednictwem Us\u0142ugi; lub (iv) \u017ce Us\u0142uga, jej serwery, tre\u015b\u0107 lub wiadomo\u015bci e-mail wysy\u0142ane z lub w imieniu Sp\u00f3\u0142ki s\u0105 wolne od wirus\u00f3w, skrypt\u00f3w, koni troja\u0144skich, robak\u00f3w, z\u0142o\u015bliwego oprogramowania, bomb czasowych lub innych szkodliwych sk\u0142adnik\u00f3w.<\/p>\n<p>Niekt\u00f3re jurysdykcje nie zezwalaj\u0105 na wy\u0142\u0105czenie niekt\u00f3rych rodzaj\u00f3w gwarancji lub ograniczenia obowi\u0105zuj\u0105cych ustawowych praw konsumenta, wi\u0119c niekt\u00f3re lub wszystkie z powy\u017cszych wy\u0142\u0105cze\u0144 i ogranicze\u0144 mog\u0105 nie mie\u0107 zastosowania do U\u017cytkownika. Jednak w takim przypadku wy\u0142\u0105czenia i ograniczenia okre\u015blone w niniejszej sekcji b\u0119d\u0105 stosowane w najwi\u0119kszym zakresie egzekwowalnym na mocy obowi\u0105zuj\u0105cego prawa.<\/p>\n<h2>Prawo w\u0142a\u015bciwe<\/h2>\n<p>Niniejsze Warunki i korzystanie z Us\u0142ugi przez u\u017cytkownika podlegaj\u0105 prawu obowi\u0105zuj\u0105cemu w danym kraju, z wy\u0142\u0105czeniem norm kolizyjnych. Korzystanie z Aplikacji mo\u017ce r\u00f3wnie\u017c podlega\u0107 innym przepisom prawa lokalnego, stanowego, krajowego lub mi\u0119dzynarodowego.<\/p>\n<h2>Rozstrzyganie spor\u00f3w<\/h2>\n<p>W przypadku jakichkolwiek w\u0105tpliwo\u015bci lub spor\u00f3w dotycz\u0105cych Us\u0142ugi, U\u017cytkownik zgadza si\u0119 najpierw spr\u00f3bowa\u0107 rozwi\u0105za\u0107 sp\u00f3r nieformalnie, kontaktuj\u0105c si\u0119 ze Sp\u00f3\u0142k\u0105.<\/p>\n<h2>Dla u\u017cytkownik\u00f3w z Unii Europejskiej (UE)<\/h2>\n<p>Je\u015bli U\u017cytkownik jest konsumentem z Unii Europejskiej, b\u0119dzie korzysta\u0142 z wszelkich obowi\u0105zkowych przepis\u00f3w prawa kraju, w kt\u00f3rym zamieszkuje.<\/p>\n<h2>Zgodno\u015b\u0107 z prawem Stan\u00f3w Zjednoczonych<\/h2>\n<p>U\u017cytkownik o\u015bwiadcza i gwarantuje, \u017ce (i) nie znajduje si\u0119 w kraju obj\u0119tym embargiem rz\u0105du Stan\u00f3w Zjednoczonych lub uznanym przez rz\u0105d Stan\u00f3w Zjednoczonych za kraj &quot;wspieraj\u0105cy terroryzm&quot; oraz (ii) nie znajduje si\u0119 na \u017cadnej li\u015bcie stron zakazanych lub obj\u0119tych ograniczeniami rz\u0105du Stan\u00f3w Zjednoczonych.<\/p>\n<h2>Rozdzielno\u015b\u0107 i odst\u0105pienie<\/h2>\n<h3>Rozdzielno\u015b\u0107<\/h3>\n<p>Je\u015bli kt\u00f3rekolwiek z postanowie\u0144 niniejszych Warunk\u00f3w zostanie uznane za niewykonalne lub niewa\u017cne, takie postanowienie zostanie zmienione i zinterpretowane tak, aby osi\u0105gn\u0105\u0107 cele takiego postanowienia w najwi\u0119kszym mo\u017cliwym zakresie zgodnie z obowi\u0105zuj\u0105cym prawem, a pozosta\u0142e postanowienia pozostan\u0105 w pe\u0142nej mocy.<\/p>\n<h3>Zrzeczenie si\u0119<\/h3>\n<p>Z wyj\u0105tkiem przypadk\u00f3w okre\u015blonych w niniejszym dokumencie, niewykonanie prawa lub niewykonanie obowi\u0105zku wynikaj\u0105cego z niniejszych Warunk\u00f3w nie wp\u0142ywa na zdolno\u015b\u0107 strony do wykonania takiego prawa lub \u017c\u0105dania takiego wykonania w dowolnym p\u00f3\u017aniejszym czasie, a zrzeczenie si\u0119 naruszenia nie stanowi zrzeczenia si\u0119 jakiegokolwiek p\u00f3\u017aniejszego naruszenia.<\/p>\n<h2>T\u0142umaczenie ustne<\/h2>\n<p>Niniejszy Regulamin m\u00f3g\u0142 zosta\u0107 przet\u0142umaczony, je\u015bli udost\u0119pnili\u015bmy go U\u017cytkownikowi w naszym Serwisie. U\u017cytkownik zgadza si\u0119, \u017ce w przypadku sporu rozstrzygaj\u0105cy b\u0119dzie oryginalny tekst w j\u0119zyku angielskim.<\/p>\n<h2>Zmiany niniejszego Regulaminu<\/h2>\n<p>Zastrzegamy sobie prawo, wed\u0142ug w\u0142asnego uznania, do zmiany lub zast\u0105pienia niniejszych Warunk\u00f3w w dowolnym momencie. Je\u015bli zmiana jest istotna, do\u0142o\u017cymy uzasadnionych stara\u0144, aby zapewni\u0107 co najmniej 30-dniowe powiadomienie przed wej\u015bciem w \u017cycie nowych warunk\u00f3w. To, co stanowi istotn\u0105 zmian\u0119, zostanie okre\u015blone wed\u0142ug naszego wy\u0142\u0105cznego uznania.<\/p>\n<p>Kontynuuj\u0105c uzyskiwanie dost\u0119pu do naszej Us\u0142ugi lub korzystanie z niej po wej\u015bciu w \u017cycie tych zmian, u\u017cytkownik wyra\u017ca zgod\u0119 na przestrzeganie zmienionych warunk\u00f3w. Je\u015bli u\u017cytkownik nie wyra\u017ca zgody na nowe warunki, w ca\u0142o\u015bci lub w cz\u0119\u015bci, prosimy o zaprzestanie korzystania ze strony internetowej i Us\u0142ugi.<\/p>\n<h2>Kontakt<\/h2>\n<p>W przypadku jakichkolwiek pyta\u0144 dotycz\u0105cych niniejszego Regulaminu, U\u017cytkownik mo\u017ce skontaktowa\u0107 si\u0119 z nami:<\/p>\n<ul>\n<li>Poczt\u0105 elektroniczn\u0105: <a href=\"mailto:info@autorbalza.center\">info@autorbalza.center<\/a><\/li>\n<\/ul>\n","protected":false},"excerpt":{"rendered":"<p>Prosimy o uwa\u017cne zapoznanie si\u0119 z niniejszymi warunkami przed rozpocz\u0119ciem korzystania z naszej Us\u0142ugi. Interpretacja i definicje Interpretacja Wyrazy, kt\u00f3rych pierwsza litera jest pisana wielk\u0105 liter\u0105, maj\u0105 znaczenie zdefiniowane w&hellip;<\/p>\n","protected":false},"author":1,"featured_media":0,"parent":0,"menu_order":0,"comment_status":"closed","ping_status":"closed","template":"","meta":{"footnotes":""},"class_list":["post-2126","page","type-page","status-publish","hentry"],"_links":{"self":[{"href":"https:\/\/autorbalza.center\/index.php?rest_route=\/wp\/v2\/pages\/2126","targetHints":{"allow":["GET"]}}],"collection":[{"href":"https:\/\/autorbalza.center\/index.php?rest_route=\/wp\/v2\/pages"}],"about":[{"href":"https:\/\/autorbalza.center\/index.php?rest_route=\/wp\/v2\/types\/page"}],"author":[{"embeddable":true,"href":"https:\/\/autorbalza.center\/index.php?rest_route=\/wp\/v2\/users\/1"}],"replies":[{"embeddable":true,"href":"https:\/\/autorbalza.center\/index.php?rest_route=%2Fwp%2Fv2%2Fcomments&post=2126"}],"version-history":[{"count":1,"href":"https:\/\/autorbalza.center\/index.php?rest_route=\/wp\/v2\/pages\/2126\/revisions"}],"predecessor-version":[{"id":2128,"href":"https:\/\/autorbalza.center\/index.php?rest_route=\/wp\/v2\/pages\/2126\/revisions\/2128"}],"wp:attachment":[{"href":"https:\/\/autorbalza.center\/index.php?rest_route=%2Fwp%2Fv2%2Fmedia&parent=2126"}],"curies":[{"name":"wp","href":"https:\/\/api.w.org\/{rel}","templated":true}]}}