{"id":2139,"date":"2025-05-12T11:39:06","date_gmt":"2025-05-12T11:39:06","guid":{"rendered":"https:\/\/autorbalza.center\/?post_type=product&#038;p=2139"},"modified":"2025-05-12T11:39:06","modified_gmt":"2025-05-12T11:39:06","slug":"projektowanie-sklepow-internetowych","status":"publish","type":"product","link":"https:\/\/autorbalza.center\/?product=projektowanie-sklepow-internetowych","title":{"rendered":"Projektowanie sklep\u00f3w internetowych"},"content":{"rendered":"<p>Tworzenie prostych sklep\u00f3w z koszykiem, p\u0142atno\u015bciami online i panelami zarz\u0105dzania.<\/p>\n","protected":false},"excerpt":{"rendered":"<p>Tworzenie prostych sklep\u00f3w z koszykiem, p\u0142atno\u015bciami online i panelami zarz\u0105dzania.<\/p>\n","protected":false},"featured_media":2132,"template":"","meta":[],"product_brand":[],"product_cat":[23],"product_tag":[],"class_list":{"0":"post-2139","1":"product","2":"type-product","3":"status-publish","4":"has-post-thumbnail","6":"product_cat-uncategorized","8":"first","9":"instock","10":"shipping-taxable","11":"purchasable","12":"product-type-simple"},"_links":{"self":[{"href":"https:\/\/autorbalza.center\/index.php?rest_route=\/wp\/v2\/product\/2139","targetHints":{"allow":["GET"]}}],"collection":[{"href":"https:\/\/autorbalza.center\/index.php?rest_route=\/wp\/v2\/product"}],"about":[{"href":"https:\/\/autorbalza.center\/index.php?rest_route=\/wp\/v2\/types\/product"}],"wp:featuredmedia":[{"embeddable":true,"href":"https:\/\/autorbalza.center\/index.php?rest_route=\/wp\/v2\/media\/2132"}],"wp:attachment":[{"href":"https:\/\/autorbalza.center\/index.php?rest_route=%2Fwp%2Fv2%2Fmedia&parent=2139"}],"wp:term":[{"taxonomy":"product_brand","embeddable":true,"href":"https:\/\/autorbalza.center\/index.php?rest_route=%2Fwp%2Fv2%2Fproduct_brand&post=2139"},{"taxonomy":"product_cat","embeddable":true,"href":"https:\/\/autorbalza.center\/index.php?rest_route=%2Fwp%2Fv2%2Fproduct_cat&post=2139"},{"taxonomy":"product_tag","embeddable":true,"href":"https:\/\/autorbalza.center\/index.php?rest_route=%2Fwp%2Fv2%2Fproduct_tag&post=2139"}],"curies":[{"name":"wp","href":"https:\/\/api.w.org\/{rel}","templated":true}]}}